hat is the tens digit of -24*(-3 + (-10)/d)?
1
Let x(o) = -o**3 - 6*o**2 - 2*o + 7. Let y be x(-5). Let j(r) = r**3 - 2*r**2 + 1. Let i be j(1). Let k = i - y. What is the units digit of k?
8
Let v = 442 + -250. Let p = 400 - v. Suppose 3*o = o - 3*j + 96, 4*o = -2*j + p. What is the tens digit of o?
5
Let l = 128 - -689. What is the units digit of l?
7
Let g = -925 - -1379. What is the hundreds digit of g?
4
Suppose 5*z = 4*w - 7*w + 1663, 0 = -4*z - w + 1329. What is the tens digit of z?
3
What is the units digit of (1*-117)/(-3 + -1 + 3)?
7
Let q(n) = 2*n - 21. Let v be q(11). What is the tens digit of 78 - 0 - (2 - v)?
7
Let z = 30 + -30. Suppose z = -3*x + 2 + 13. Suppose b - 4*b + 5*h = -3, x = 5*b - h. What is the units digit of b?
1
Let o(w) = 3*w**2 - w + 2. Let h = -71 + 76. What is the units digit of o(h)?
2
Suppose 2*c - 23 = 4*g - 3, 0 = -c + g + 5. Suppose c*r = r. Suppose r*l - 220 = -4*l - 4*j, 4*l + 5*j = 225. What is the units digit of l?
0
Suppose -4*h + 13215 = 2311. What is the tens digit of 10/75 - (0 + h/(-30))?
9
Let o(q) = 6*q**2 - 7*q + 15. What is the hundreds digit of o(-4)?
1
Suppose 0*z - 2*z = -4*a - 22, -a - 64 = -5*z. What is the units digit of 0 + 77 + (14 - z)?
8
Let k be 41 - (0/(-4) + 2). Suppose 2*c = 5*c + k. Let q = c + 18. What is the units digit of q?
5
Let q = -4757 - -6990. What is the thousands digit of q?
2
What is the units digit of 6/(-42) + (-49064)/(-56)?
6
Let q(k) = -362*k - 16. What is the tens digit of q(-1)?
4
Let y be (-11)/(-55) - 28/(-10). Suppose -3*o - y*f = 18, 6 = 3*o + 2*o - 4*f. What is the units digit of (44/55)/(o/(-30))?
2
Let r(z) = -4*z - 4. Let t be r(8). What is the units digit of ((-1)/(-2))/((-2)/t)?
9
Let d(j) = -j**3 + 2*j**2 + 2*j - 1. Let w be d(3). Let n(f) be the first derivative of f**3/3 - f**2 - 2*f + 11. What is the tens digit of n(w)?
2
Let t(n) = -4*n + 2. Let w be t(-4). Suppose 2*j = 3*j - 3*m + w, -5*j = m + 26. Let x = -2 - j. What is the units digit of x?
4
Suppose -10*d = -8*d + 60. Let z = d - -54. Let j = -19 + z. What is the units digit of j?
5
Suppose 0 = 3*j - q - 40, 5*j + 3*q - 2*q - 56 = 0. Let c = -2 - -4. Suppose -c*a - a = -j. What is the units digit of a?
4
Let z(p) = 10*p**2 + 9*p - 6. What is the tens digit of z(-7)?
2
Suppose l = 6*l - 560. Let k = l + -61. What is the units digit of k?
1
Let k be -11 + 7 - (6*-354)/2. Suppose 5*g + 343 - k = 0. What is the units digit of g?
3
Let l = -1254 + 2759. What is the thousands digit of l?
1
Let s(b) = 115*b**2 - 22*b + 101. What is the units digit of s(5)?
6
Let h = 1894 + -711. What is the thousands digit of h?
1
Let h(z) = z**3 - 10*z**2 + 10*z - 9. Let m be h(9). Suppose -2*b - 8 = m, u - 3*b + 0*b - 52 = 0. What is the tens digit of u?
4
Let k(u) = u**2 - 12*u - 33. Let g be k(14). What is the units digit of g*16*28/(-40)?
6
What is the tens digit of (-1998)/(-9) + (0/4 - 3)?
1
Let h = -24 - -28. Suppose -a + 3*d + 19 + 78 = 0, 0 = -4*a + h*d + 364. What is the tens digit of a?
8
Suppose 8*l = 5*l + 12. Let g = 130 + l. What is the units digit of g?
4
Suppose -2*t + j = -t - 9, 0 = 3*t - j - 19. Suppose 2*i = t*i - 465. What is the units digit of i?
5
Let d = 2479 + -1310. What is the tens digit of d?
6
Suppose -480*n = -469*n - 12980. What is the hundreds digit of n?
1
Let x = 31 - 29. What is the tens digit of 0/x + 1404/(5 - -1)?
3
Suppose 0 = -2*x - 3*x - 2*v - 6, -3*x + 5*v + 15 = 0. Suppose x = -3*k + 7*k - 396. What is the tens digit of k?
9
Let y = -1037 + 4557. What is the tens digit of y?
2
Let l = -49 - -51. Let c(h) = 40*h**2 + 7*h - 10. What is the tens digit of c(l)?
6
Let j(k) = 8*k + k + 0 + 1. Suppose -81 + 87 = 3*g. What is the tens digit of j(g)?
1
Let b(u) = 2*u**3 - 5*u**2 - 14*u + 2. Let a be b(6). Suppose 4*s - a = 306. What is the units digit of s?
9
Let b(f) = -f - 6. Let i be b(-8). Suppose 0*c - 18 = -i*c. Let a(d) = -d**2 + 11*d + 10. What is the tens digit of a(c)?
2
Suppose -5*y - 3*g = -1257, 2*y - 434 = -g + 69. What is the units digit of y?
2
Let w = -214 + 124. Let k be (w/(-25))/(6/15). Suppose 8*z - 9*z = -k. What is the units digit of z?
9
Suppose 3*g - g + 12 = 4*b, -3*g - 8 = -b. What is the tens digit of (66 - (1 + g)) + -3 + 6?
7
Let z(k) = k + 1. Let c(q) = 31*q + 6. Let g(j) = -c(j) + 4*z(j). What is the units digit of g(-3)?
9
Let o be (-6)/(6/(-21) + (-192)/(-476)). What is the hundreds digit of (-9 + 9 + (1 - o))*2?
1
Let q(a) be the third derivative of -a**6/120 - a**5/30 + a**4/24 + 11*a**3/6 - 19*a**2. What is the tens digit of q(-4)?
3
Suppose -28*k - 16*k + 236456 = 0. What is the hundreds digit of k?
3
Let o be 0/(-3 + (-1 - -5)). Suppose o = -3*m + 3 + 9. Suppose m*a = -2*s + s + 82, -5*a + 109 = -2*s. What is the units digit of a?
1
Let r(f) = -370*f**3 + 3*f**2 - 10*f - 11. What is the units digit of r(-1)?
2
Let k = -60 + 88. Suppose -5*j = -k + 8. Suppose j*n - 68 = x, -4*x - 11 = -2*n + 23. What is the units digit of n?
7
Suppose h = -5*l + 60, 2*l + h = l + 12. Suppose 2*o + 2*o - 78 = -5*f, l = -4*o. What is the tens digit of f?
1
Suppose -8*d = 1 - 9. Suppose -d = 4*l - 5. What is the units digit of l?
1
Suppose 2*v - p + 13 = 5*v, 3*p - 3 = 0. Suppose 0 = 2*l + 5*w - 22, -v*l - 5*w + 16 = -2*w. What is the units digit of (2 + -4)/l*-2?
4
Suppose 22*w + 3*l = 27*w - 2518, 2520 = 5*w - 5*l. What is the tens digit of w?
0
Let q = 19 + -17. Let t(a) = 7 - a**3 + 3*a + 3*a**q - 5*a + 5*a**2. What is the units digit of t(7)?
2
Suppose -5*f = 6*f - 5291. What is the tens digit of f?
8
Let v = -129 + 175. What is the tens digit of v?
4
Suppose 8*q + 4*q = 1632. What is the units digit of q?
6
What is the tens digit of ((-16)/20)/(8/(-4060))?
0
Let k(q) = -6*q**2 + 0*q - 5*q**2 - 7*q - 33 + 3*q**2 + q**3. What is the units digit of k(10)?
7
Let z be -15*1*4/(-12). Suppose -z*v - 6 = -16. Suppose -v*w + 2 + 0 = 0. What is the units digit of w?
1
Let k(x) = x**2 + 9*x + 11. Let h be k(-9). What is the tens digit of 1522/22 - 2/h?
6
Suppose 4*m + 3878 = 5*n, m = -2*n + 1568 - 9. What is the hundreds digit of n?
7
Suppose 2*h - 4*s = -4, 3*s - 2 = 2*h - 0*h. Suppose -h*n + 15 = 2*m - 31, 2*n = -4*m + 102. What is the units digit of m?
8
Let u = -12 + 25. Let a = 0 + u. What is the units digit of a?
3
Let y(g) = -14*g - 1. Let z(n) = 7*n. Let s(q) = -q**3 - 10*q**2 - 9*q - 9. Let a be s(-9). Let x(i) = a*z(i) - 4*y(i). What is the units digit of x(-4)?
2
Let t be (-1)/(6/(-8))*(-6)/(-4). Suppose 4*g = -2*n, g - 12 = n - 0*g. Let l = t - n. What is the tens digit of l?
1
Let x(g) = -g + 3. Let o be x(0). Suppose d - 4 = 0, 0*k = o*k - 5*d + 11. Suppose -4*t + 7*t - 3*v = 123, -117 = -k*t - 3*v. What is the tens digit of t?
4
Suppose 0 = -3*p - 44 - 1. Let m be p/10*(-200)/3. Let u = m + -64. What is the units digit of u?
6
Let j be (17 - 17) + (2 - (2 + 0)). Let s(i) = i**2 + i - i**3 + i**3 + 27 - i**3. What is the units digit of s(j)?
7
Let s(l) = -2*l**3 - 7*l**2 + l + 69. What is the units digit of s(-7)?
5
Suppose 0 = -2*i - 5*y + 5165, -i + y = 3*i - 10297. What is the hundreds digit of i?
5
Suppose 0 = -y - 4*n + 75, 5*y = 6*y + n - 69. Suppose -36 = -12*h + 3*h. Suppose -49 = -h*b + y. What is the units digit of b?
9
Let z = 36 - 54. Let h = 21 + z. What is the units digit of (6/(-15))/(h/(-30))?
4
Suppose 5*i + v - 1610 = 0, 5*i + 0*i + 4*v = 1610. Suppose o + o = i. What is the units digit of o?
1
Let k = 426 + 17. Suppose -3*z = t + z - 93, -2*z = -5*t + k. What is the tens digit of t?
8
Suppose -3*n = -9 - 3. What is the units digit of (n + 0 + -1)*(-52)/(-3)?
2
Let s = 237 - 96. What is the units digit of s?
1
What is the tens digit of 5 + -7 + 4158/3?
8
Let d(m) = -3*m + 7. Let f be (4 + -3)*-3 + -1. What is the tens digit of d(f)?
1
Let i = -70 + 131. Suppose 0 = -3*d - 50 - i. Let u = d - -53. What is the units digit of u?
6
Let v = 994 + -799. What is the units digit of v?
5
Suppose 2*t = -5*l + t + 33, -2*t + 12 = l. Suppose 0 = -13*x + 7*x + l. What is the units digit of x?
1
Suppose -4*o + 1050 = 6*o. Suppose 0 = -6*c + c + o. What is the tens digit of c?
2
Let y = -7501 + 12153. What is the hundreds digit of y?
6
Let t(y) = 7*y**2 - 2*y + 1. Let u be t(1). Let h = 128 + -99. Let i = u + h. What is the units digit of i?
5